{"id":26,"date":"2015-02-26T11:32:43","date_gmt":"2015-02-26T11:32:43","guid":{"rendered":"http:\/\/agrosemens.com\/blog?page_id=26"},"modified":"2020-08-21T11:26:39","modified_gmt":"2020-08-21T09:26:39","slug":"qui-sommes-nous","status":"publish","type":"page","link":"https:\/\/www.agrosemens.com\/blog\/qui-sommes-nous\/","title":{"rendered":"Qui sommes-nous ?"},"content":{"rendered":"<p><img loading=\"lazy\" class=\"aligncenter wp-image-206 size-full\" title=\"AGROSEMENS\" src=\"https:\/\/www.agrosemens.com\/blog\/wp-content\/uploads\/2015\/03\/aquarelle-agrosemens.jpg\" alt=\"aquarelle- AGROSEMENS\" width=\"1140\" height=\"200\" srcset=\"https:\/\/www.agrosemens.com\/blog\/wp-content\/uploads\/2015\/03\/aquarelle-agrosemens.jpg 1140w, https:\/\/www.agrosemens.com\/blog\/wp-content\/uploads\/2015\/03\/aquarelle-agrosemens-300x53.jpg 300w, https:\/\/www.agrosemens.com\/blog\/wp-content\/uploads\/2015\/03\/aquarelle-agrosemens-1024x180.jpg 1024w\" sizes=\"(max-width: 1140px) 100vw, 1140px\" \/><\/p>\n<p>&nbsp;<\/p>\n<p>Cr\u00e9\u00e9e en 2002<strong>,<\/strong> AGROSEMENS est une maison semenci\u00e8re potag\u00e9riste familiale, militante et ind\u00e9pendante sp\u00e9cialis\u00e9e \u00e0 100 % dans les semences issues de l&#8217;agriculture biologique et biodynamique en participant au maintien de la biodiversit\u00e9 v\u00e9g\u00e9tale cultiv\u00e9e re\u00e7ue en h\u00e9ritage. AGROSEMENS est bas\u00e9e \u00e0 Aix-en-Provence, dans les Bouches-du-Rh\u00f4ne.<\/p>\n<p>&nbsp;<\/p>\n<p><strong>AGROSEMENS signifie \u00abcelui qui s\u00e8me des graines\u00bb<\/strong><\/p>\n<p>Sa philosophie : faire red\u00e9couvrir une agriculture saine, respectueuse de l\u2019environnement et donc du consommateur. Participer au maintien de la biodiversit\u00e9 re\u00e7ue en h\u00e9ritage est un de ses principaux axes de d\u00e9veloppement.<\/p>\n<p><strong><em>Etre un semencier 100 % BIO, c\u2019est affirmer son engagement<\/em><\/strong><\/p>\n<p>Ancr\u00e9e dans une d\u00e9marche de qualit\u00e9, AGROSEMENS est membre du conseil d\u2019administration de la marque Bio Coh\u00e9rence (<a href=\"http:\/\/www.biocoherence.fr\/\">www.biocoherence.fr<\/a> ) qui d\u00e9veloppe une agriculture paysanne engag\u00e9e dans une vision globale et responsable de la bio, respectant ainsi les \u00e9quilibres environnementaux, sociaux et \u00e9conomiques.\u00a0Sur ses terres agricoles (8 ha) \u00e0 Trets &#8211; la ferme &#8220;les Iris&#8221;- et \u00e0 Aix-en-Provence &#8211; la ferme &#8220;le Petit Sambuc&#8221;-, l\u2019EARL Semens, dont le chef d&#8217;exploitation est Cyriaque CROSNIER MANGEAT, \u00a0y a install\u00e9 sa propre production pour s\u00e9lectionner et \u00e9lever localement des graines de semences de vari\u00e9t\u00e9s adapt\u00e9es \u00e0 l\u2019agriculture biologique.<\/p>\n<p><strong>\u00a0AGROSEMENS<\/strong> s\u00e9lectionne, produit et distribue deux gammes de graines de semences issues de l\u2019agriculture biologique et de l\u2019agriculture biodynamique : l\u2019une est d\u00e9di\u00e9e aux mara\u00eechers professionnels et la seconde, La Semence Bio\u00a9\u00a0est d\u00e9di\u00e9e aux jardiniers amateurs.<\/p>\n<p><strong>La premi\u00e8re<\/strong><strong> : <em>AGROSEMENS<\/em><\/strong><sup>\u00ae<\/sup><\/p>\n<p>C\u2019est une gamme, rustique et technique, compos\u00e9e de nombreuses vari\u00e9t\u00e9s anciennes et locales (vari\u00e9t\u00e9s fix\u00e9es), ainsi que de vari\u00e9t\u00e9s plus \u00ab techniques \u00bb issues de g\u00e9n\u00e9tiques r\u00e9centes, qui r\u00e9pondent aux demandes des mara\u00eechers biologistes, qu&#8217;ils soient en vente directe, en paniers en march\u00e9 de gros ou en transformation. La gamme de produits s\u2019enrichit chaque ann\u00e9e avec soixante-dix vari\u00e9t\u00e9s anciennes et locales (panais, rutabaga, tomates anciennes, ail, poir\u00e9e, courges\u2026etc. ).<\/p>\n<p>Cette offre professionnelle se pr\u00e9sente sous forme de catalogue qui est le fruit d\u2019une comp\u00e9tence pointue alli\u00e9e \u00e0 une prise en compte des remarques et des attentes des agriculteurs sur leurs terrains respectifs. Loin d\u2019\u00eatre un simple catalogue de semences, le catalogue d\u2019AGROSEMENS fournit, aux fils des pages, de nombreux conseils et suggestions aux agriculteurs dans le but d\u2019optimiser leurs cultures. En participant \u00e0 la sauvegarde de la biodiversit\u00e9 v\u00e9g\u00e9tale cultiv\u00e9e, <strong><em>AGROSEMENS est au service de ses clients afin de les aider \u00e0 toujours mieux placer La Semence au C\u0153ur du Monde.<\/em><\/strong> \u00a0\u00a0\u00a0 \u00a0<a href=\"https:\/\/www.agrosemens.com\/\">www.agrosemens.com<\/a><\/p>\n<p><strong>La seconde<\/strong><strong> : <em>La Semence Bio<\/em><\/strong><sup>\u00ae<\/sup><\/p>\n<p>La gamme La Semence Bio<em><sup>\u00ae<\/sup><\/em> est le corollaire du savoir-faire d\u2019AGROSEMENS pour les mara\u00eechers professionnels, elle est d\u00e9volue aux <strong>jardiniers amateurs<\/strong>. La Semence Bio<em><sup>\u00ae<\/sup><\/em> est compos\u00e9e de vari\u00e9t\u00e9s anciennes et de vari\u00e9t\u00e9s locales. En outre, chaque jardinier amateur retrouvera des conseils judicieux pour ses cultures sur chaque sachet de graines. Cette gamme est <strong>disponible dans les magasins biologiques et di\u00e9t\u00e9tiques, dans les jardineries<\/strong>, et sur le site Internet\u00a0: <a href=\"http:\/\/www.lasemencebio.com\/\">www.lasemencebio.com<\/a>. Ce site qui va vous donner, en toute simplicit\u00e9, la possibilit\u00e9 de semer, de r\u00e9colter et de retrouver le v\u00e9ritable go\u00fbt des l\u00e9gumes de saison. C\u2019est tout l\u2019univers du jardin potager bio\u00a0: graines, semences, engrais, lombricompost, terreau, outils, pots, grelinette, a\u00e9rofourche, table de culture, accessoires, calendrier lunaire des semis, livres et ouvrages sur le jardin potager bio.\u00a0<a href=\"http:\/\/www.lasemencebio.com\/\">www.lasemencebio.com<\/a>.<\/p>\n<p>&nbsp;<\/p>\n<p><strong>\u00a0AGROSEMENS<\/strong> est \u00ab acteur de la biodiversit\u00e9 cultiv\u00e9e \u00bb et a collabor\u00e9 \u00e0 de nombreuses actions, notamment :<\/p>\n<p>~\u00a0\u00a0\u00a0\u00a0\u00a0\u00a0\u00a0 Organisations de stages et de formation sur l\u2019auto-production de graines de semences potag\u00e8res (r\u00e9seau des jardins familiaux, jardins SNCF, enfants dans des \u00e9coles Marseillveyre, Palette, les Milles) ;<\/p>\n<p>~\u00a0\u00a0\u00a0\u00a0\u00a0\u00a0\u00a0 Conduite de programme de maintien de vari\u00e9t\u00e9s end\u00e9miques (donc anciennes) en Provence : Melon de Pourri\u00e8res, Poivron petit Marseillais Courgette de Nice \u00e0 fruit rond ;<\/p>\n<p>~\u00a0\u00a0\u00a0\u00a0\u00a0\u00a0\u00a0 Conservatoire de Vavilov (Russie \u2013 St Petersbourg) : action de sauvegarde de vari\u00e9t\u00e9s potag\u00e8res avec le mouvement URGENCI (2007 2008 et 2009) ;<\/p>\n<p>~\u00a0\u00a0\u00a0\u00a0\u00a0\u00a0\u00a0 Adh\u00e9sion \u00e0 Kultursaat en 2012.<\/p>\n<p>&nbsp;<\/p>\n<div style=\"width: 480px; margin: auto; padding: 0px;\"><iframe loading=\"lazy\" src=\"\/\/www.dailymotion.com\/embed\/video\/xess69\" width=\"480\" height=\"270\" frameborder=\"0\" align=\"middle\" allowfullscreen=\"allowfullscreen\"><\/iframe><br \/>\n<a href=\"http:\/\/www.dailymotion.com\/video\/xess69_agrosemens-semences-100-biologique_webcam\" target=\"_blank\">AGROSEMENS, Semences 100% Biologique et Bio&#8230;<\/a> <i>par <a href=\"http:\/\/www.dailymotion.com\/AGROSEMENS\" target=\"_blank\">AGROSEMENS<\/a><\/i><\/div>\n<p>&nbsp;<\/p>\n<p>&nbsp;<\/p>\n<p><a title=\"Mentions l\u00e9gales\" href=\"https:\/\/www.agrosemens.com\/blog\/mentions-legales\/\">Mentions l\u00e9gales<\/a><\/p>\n","protected":false},"excerpt":{"rendered":"<p>&nbsp; Cr\u00e9\u00e9e en 2002, AGROSEMENS est une maison semenci\u00e8re potag\u00e9riste familiale, militante et ind\u00e9pendante sp\u00e9cialis\u00e9e \u00e0 100 % dans les semences issues de l&#8217;agriculture biologique et biodynamique en participant au maintien de la biodiversit\u00e9 v\u00e9g\u00e9tale cultiv\u00e9e re\u00e7ue en h\u00e9ritage. AGROSEMENS est bas\u00e9e \u00e0 Aix-en-Provence, dans les Bouches-du-Rh\u00f4ne. &nbsp; AGROSEMENS signifie \u00abcelui qui s\u00e8me des graines\u00bb &#8230; <\/p>\n<p class=\"moree\"><a class=\"btn btn-inverse btn-normal btn-primary \" href=\"https:\/\/www.agrosemens.com\/blog\/qui-sommes-nous\/\">Lire la suite<\/a><\/p>\n","protected":false},"author":1,"featured_media":0,"parent":0,"menu_order":0,"comment_status":"closed","ping_status":"closed","template":"","meta":[],"yoast_head":"<!-- This site is optimized with the Yoast SEO plugin v19.2 - https:\/\/yoast.com\/wordpress\/plugins\/seo\/ -->\n<title>Qui sommes-nous ? - Agrosemens<\/title>\n<meta name=\"robots\" content=\"index, follow, max-snippet:-1, max-image-preview:large, max-video-preview:-1\" \/>\n<link rel=\"canonical\" href=\"https:\/\/www.agrosemens.com\/blog\/qui-sommes-nous\/\" \/>\n<meta property=\"og:locale\" content=\"fr_FR\" \/>\n<meta property=\"og:type\" content=\"article\" \/>\n<meta property=\"og:title\" content=\"Qui sommes-nous ? - Agrosemens\" \/>\n<meta property=\"og:description\" content=\"&nbsp; Cr\u00e9\u00e9e en 2002, AGROSEMENS est une maison semenci\u00e8re potag\u00e9riste familiale, militante et ind\u00e9pendante sp\u00e9cialis\u00e9e \u00e0 100 % dans les semences issues de l&#8217;agriculture biologique et biodynamique en participant au maintien de la biodiversit\u00e9 v\u00e9g\u00e9tale cultiv\u00e9e re\u00e7ue en h\u00e9ritage. AGROSEMENS est bas\u00e9e \u00e0 Aix-en-Provence, dans les Bouches-du-Rh\u00f4ne. &nbsp; AGROSEMENS signifie \u00abcelui qui s\u00e8me des graines\u00bb ... Lire la suite\" \/>\n<meta property=\"og:url\" content=\"https:\/\/www.agrosemens.com\/blog\/qui-sommes-nous\/\" \/>\n<meta property=\"og:site_name\" content=\"Agrosemens\" \/>\n<meta property=\"article:publisher\" content=\"https:\/\/www.facebook.com\/agrosemens.semencesbio\" \/>\n<meta property=\"article:modified_time\" content=\"2020-08-21T09:26:39+00:00\" \/>\n<meta property=\"og:image\" content=\"https:\/\/www.agrosemens.com\/blog\/wp-content\/uploads\/2015\/03\/aquarelle-agrosemens.jpg\" \/>\n<meta name=\"author\" content=\"agrosemens\" \/>\n<meta name=\"twitter:card\" content=\"summary_large_image\" \/>\n<meta name=\"twitter:site\" content=\"@AGROSEMENS\" \/>\n<meta name=\"twitter:label1\" content=\"Dur\u00e9e de lecture estim\u00e9e\" \/>\n\t<meta name=\"twitter:data1\" content=\"4 minutes\" \/>\n<script type=\"application\/ld+json\" class=\"yoast-schema-graph\">{\"@context\":\"https:\/\/schema.org\",\"@graph\":[{\"@type\":\"WebSite\",\"@id\":\"https:\/\/www.agrosemens.com\/blog\/#website\",\"url\":\"https:\/\/www.agrosemens.com\/blog\/\",\"name\":\"Agrosemens\",\"description\":\"\",\"potentialAction\":[{\"@type\":\"SearchAction\",\"target\":{\"@type\":\"EntryPoint\",\"urlTemplate\":\"https:\/\/www.agrosemens.com\/blog\/?s={search_term_string}\"},\"query-input\":\"required name=search_term_string\"}],\"inLanguage\":\"fr-FR\"},{\"@type\":\"ImageObject\",\"inLanguage\":\"fr-FR\",\"@id\":\"https:\/\/www.agrosemens.com\/blog\/qui-sommes-nous\/#primaryimage\",\"url\":\"https:\/\/www.agrosemens.com\/blog\/wp-content\/uploads\/2015\/03\/aquarelle-agrosemens.jpg\",\"contentUrl\":\"https:\/\/www.agrosemens.com\/blog\/wp-content\/uploads\/2015\/03\/aquarelle-agrosemens.jpg\",\"width\":1140,\"height\":200},{\"@type\":\"WebPage\",\"@id\":\"https:\/\/www.agrosemens.com\/blog\/qui-sommes-nous\/#webpage\",\"url\":\"https:\/\/www.agrosemens.com\/blog\/qui-sommes-nous\/\",\"name\":\"Qui sommes-nous ? - Agrosemens\",\"isPartOf\":{\"@id\":\"https:\/\/www.agrosemens.com\/blog\/#website\"},\"primaryImageOfPage\":{\"@id\":\"https:\/\/www.agrosemens.com\/blog\/qui-sommes-nous\/#primaryimage\"},\"datePublished\":\"2015-02-26T11:32:43+00:00\",\"dateModified\":\"2020-08-21T09:26:39+00:00\",\"breadcrumb\":{\"@id\":\"https:\/\/www.agrosemens.com\/blog\/qui-sommes-nous\/#breadcrumb\"},\"inLanguage\":\"fr-FR\",\"potentialAction\":[{\"@type\":\"ReadAction\",\"target\":[\"https:\/\/www.agrosemens.com\/blog\/qui-sommes-nous\/\"]}]},{\"@type\":\"BreadcrumbList\",\"@id\":\"https:\/\/www.agrosemens.com\/blog\/qui-sommes-nous\/#breadcrumb\",\"itemListElement\":[{\"@type\":\"ListItem\",\"position\":1,\"name\":\"Accueil\",\"item\":\"https:\/\/www.agrosemens.com\/blog\/\"},{\"@type\":\"ListItem\",\"position\":2,\"name\":\"Qui sommes-nous ?\"}]}]}<\/script>\n<!-- \/ Yoast SEO plugin. -->","yoast_head_json":{"title":"Qui sommes-nous ? - Agrosemens","robots":{"index":"index","follow":"follow","max-snippet":"max-snippet:-1","max-image-preview":"max-image-preview:large","max-video-preview":"max-video-preview:-1"},"canonical":"https:\/\/www.agrosemens.com\/blog\/qui-sommes-nous\/","og_locale":"fr_FR","og_type":"article","og_title":"Qui sommes-nous ? - Agrosemens","og_description":"&nbsp; Cr\u00e9\u00e9e en 2002, AGROSEMENS est une maison semenci\u00e8re potag\u00e9riste familiale, militante et ind\u00e9pendante sp\u00e9cialis\u00e9e \u00e0 100 % dans les semences issues de l&#8217;agriculture biologique et biodynamique en participant au maintien de la biodiversit\u00e9 v\u00e9g\u00e9tale cultiv\u00e9e re\u00e7ue en h\u00e9ritage. AGROSEMENS est bas\u00e9e \u00e0 Aix-en-Provence, dans les Bouches-du-Rh\u00f4ne. &nbsp; AGROSEMENS signifie \u00abcelui qui s\u00e8me des graines\u00bb ... Lire la suite","og_url":"https:\/\/www.agrosemens.com\/blog\/qui-sommes-nous\/","og_site_name":"Agrosemens","article_publisher":"https:\/\/www.facebook.com\/agrosemens.semencesbio","article_modified_time":"2020-08-21T09:26:39+00:00","og_image":[{"url":"https:\/\/www.agrosemens.com\/blog\/wp-content\/uploads\/2015\/03\/aquarelle-agrosemens.jpg"}],"author":"agrosemens","twitter_card":"summary_large_image","twitter_site":"@AGROSEMENS","twitter_misc":{"Dur\u00e9e de lecture estim\u00e9e":"4 minutes"},"schema":{"@context":"https:\/\/schema.org","@graph":[{"@type":"WebSite","@id":"https:\/\/www.agrosemens.com\/blog\/#website","url":"https:\/\/www.agrosemens.com\/blog\/","name":"Agrosemens","description":"","potentialAction":[{"@type":"SearchAction","target":{"@type":"EntryPoint","urlTemplate":"https:\/\/www.agrosemens.com\/blog\/?s={search_term_string}"},"query-input":"required name=search_term_string"}],"inLanguage":"fr-FR"},{"@type":"ImageObject","inLanguage":"fr-FR","@id":"https:\/\/www.agrosemens.com\/blog\/qui-sommes-nous\/#primaryimage","url":"https:\/\/www.agrosemens.com\/blog\/wp-content\/uploads\/2015\/03\/aquarelle-agrosemens.jpg","contentUrl":"https:\/\/www.agrosemens.com\/blog\/wp-content\/uploads\/2015\/03\/aquarelle-agrosemens.jpg","width":1140,"height":200},{"@type":"WebPage","@id":"https:\/\/www.agrosemens.com\/blog\/qui-sommes-nous\/#webpage","url":"https:\/\/www.agrosemens.com\/blog\/qui-sommes-nous\/","name":"Qui sommes-nous ? - Agrosemens","isPartOf":{"@id":"https:\/\/www.agrosemens.com\/blog\/#website"},"primaryImageOfPage":{"@id":"https:\/\/www.agrosemens.com\/blog\/qui-sommes-nous\/#primaryimage"},"datePublished":"2015-02-26T11:32:43+00:00","dateModified":"2020-08-21T09:26:39+00:00","breadcrumb":{"@id":"https:\/\/www.agrosemens.com\/blog\/qui-sommes-nous\/#breadcrumb"},"inLanguage":"fr-FR","potentialAction":[{"@type":"ReadAction","target":["https:\/\/www.agrosemens.com\/blog\/qui-sommes-nous\/"]}]},{"@type":"BreadcrumbList","@id":"https:\/\/www.agrosemens.com\/blog\/qui-sommes-nous\/#breadcrumb","itemListElement":[{"@type":"ListItem","position":1,"name":"Accueil","item":"https:\/\/www.agrosemens.com\/blog\/"},{"@type":"ListItem","position":2,"name":"Qui sommes-nous ?"}]}]}},"_links":{"self":[{"href":"https:\/\/www.agrosemens.com\/blog\/wp-json\/wp\/v2\/pages\/26"}],"collection":[{"href":"https:\/\/www.agrosemens.com\/blog\/wp-json\/wp\/v2\/pages"}],"about":[{"href":"https:\/\/www.agrosemens.com\/blog\/wp-json\/wp\/v2\/types\/page"}],"author":[{"embeddable":true,"href":"https:\/\/www.agrosemens.com\/blog\/wp-json\/wp\/v2\/users\/1"}],"replies":[{"embeddable":true,"href":"https:\/\/www.agrosemens.com\/blog\/wp-json\/wp\/v2\/comments?post=26"}],"version-history":[{"count":25,"href":"https:\/\/www.agrosemens.com\/blog\/wp-json\/wp\/v2\/pages\/26\/revisions"}],"predecessor-version":[{"id":5453,"href":"https:\/\/www.agrosemens.com\/blog\/wp-json\/wp\/v2\/pages\/26\/revisions\/5453"}],"wp:attachment":[{"href":"https:\/\/www.agrosemens.com\/blog\/wp-json\/wp\/v2\/media?parent=26"}],"curies":[{"name":"wp","href":"https:\/\/api.w.org\/{rel}","templated":true}]}}